 base 5?
303103234
What is -1994816 (base 12) in base 13?
-117a10a
What is 13543343 (base 6) in base 14?
c1527
What is 18264a3 (base 14) in base 12?
3bb19a7
Convert 423394 (base 10) to base 12.
18502a
Convert 31031331001 (base 4) to base 11.
1a57363
-41134 (base 11) to base 8
-165225
38893 (base 16) to base 9
382581
What is -222020200101 (base 3) in base 12?
-20ab84
350525050 (base 6) to base 7
106042236
What is 1201212110 (base 3) in base 15?
a1cc
What is -11000010110111010101 (base 2) in base 9?
-1445780
What is 46834 (base 15) in base 5?
24141344
3b11a (base 12) to base 11
56164
-10203304 (base 6) to base 12
-123534
What is -a03425 (base 11) in base 14?
-3007c2
Convert 1011341330 (base 5) to base 9.
3777328
Convert 21400243 (base 5) to base 15.
399b8
-3bd4d2 (base 16) to base 10
-3921106
24120504 (base 6) to base 2
10111000110100111000
Convert -36660164 (base 7) to base 16.
-323ada
1304744 (base 11) to base 4
20213333011
Convert -1117d (base 15) to base 4.
-31101013
What is a857 (base 16) in base 11?
2a418
-19c9a7 (base 16) to base 4
-12130212213
What is 54311 (base 7) in base 9?
20505
What is -37908 (base 11) in base 15?
-11177
Convert -1000010000000101001101 (base 2) to base 12.
-8838b9
Convert -20842 (base 12) to base 3.
-2011112112
What is 120621 (base 12) in base 13?
a2706
10011011011111111011 (base 2) to base 12
26870b
Convert 330732 (base 14) to base 13.
487665
Convert 86318a (base 12) to base 3.
10222201210021
What is 131011232 (base 4) in base 10?
119150
Convert -b73b (base 14) to base 9.
-47321
1644341 (base 9) to base 10
915175
Convert -225995 (base 10) to base 7.
-1630610
Convert -1222457 (base 9) to base 14.
-13423d
Convert 11022220021 (base 3) to base 13.
2ca34
Convert 6729d (base 14) to base 10.
250235
What is 18a070 (base 11) in base 16?
472ee
-301003433 (base 5) to base 12
-4935b5
10470606 (base 10) to base 9
21627866
Convert -5580601 (base 9) to base 16.
-2ddbf1
-312045 (base 6) to base 9
-37362
What is -5303351 (base 6) in base 7?
-2121265
What is 1122012211001 (base 3) in base 11?
544955
-10b891c (base 15) to base 11
-6840185
What is -241035 (base 7) in base 4?
-22221003
-34c62b (base 13) to base 3
-2100210021102
What is 31222444 (base 5) in base 15?
51619
What is cda5c (base 15) in base 2?
10011111100110010000
-50352 (base 8) to base 16
-50ea
Convert 2044040133 (base 5) to base 4.
100111312101
111301130 (base 5) to base 8
1704533
Convert 10210451 (base 9) to base 8.
22561736
Convert 312002323 (base 4) to base 15.
458d1
Convert -939c (base 13) to base 5.
-1123114
Convert 41442112 (base 5) to base 4.
1103311233
-97227 (base 13) to base 16
-4299f
-2021101212122 (base 3) to base 5
-302133331
Convert -10200121212 (base 3) to base 9.
-120555
What is 5b002 (base 16) in base 15?
75693
124307 (base 8) to base 15
cc07
What is -5174863 (base 10) in base 15?
-6c345d
Convert 4403330 (base 5) to base 13.
28470
Convert 11001111000000110010 (base 2) to base 9.
1532115
Convert -2213111321 (base 4) to base 15.
-d8158
Convert 209680 (base 13) to base 4.
2322121111
What is -1232742 (base 9) in base 2?
-10100011111000110101
Convert -88b5 (base 14) to base 3.
-1012111000
-684591 (base 10) to base 16
-a722f
Convert 36870 (base 14) to base 2.
100000100100000010
What is -c009c (base 15) in base 13?
-183771
Convert -1155640 (base 10) to base 5.
-243440030
661632 (base 7) to base 5
12202113
-698d8a (base 16) to base 9
-14013036
9476c (base 13) to base 2
1000001001101100110
What is 2251523 (base 7) in base 8?
1045662
What is -114441133 (base 5) in base 12?
-22426a
Convert 30cb6 (base 15) to base 7.
1213104
Convert 25562 (base 13) to base 7.
405155
What is 43331 (base 13) in base 15?
25e72
Convert 3c276 (base 13) to base 6.
2224430
What is 11010001101011011010101 (base 2) in base 15?
90ab96
-220110233213 (base 4) to base 11
-5a6aa42
Convert -114000141 (base 5) to base 15.
-a764b
3158657 (base 9) to base 10
1692547
What is -60d6 (base 15) in base 4?
-10333203
What is 119112 (base 13) in base 11?
267457
-2248106 (base 9) to base 3
-2021122010020
113505 (base 6) to base 14
3877
-32143553 (base 6) to base 2
-11100111001011111101
What is 3180193 (base 10) in base 6?
152055041
Convert 11751 (base 11) to base 9.
25130
-3344441021 (base 5) to base 7
-120036460
-12021010012211 (base 3) to base 10
-2797330
154623523 (base 7) to base 9
21612434
Convert 40123715 (base 8) to base 2.
100000001010011111001101
2a043 (base 13) to base 16
1352b
Convert -6427330 (base 8) to base 11.
-a72225
What is -440504414 (base 6) in base 12?
-277b10a
What is -101100011100000111000 (base 2) in base 3?
-2201222111202
11101010001000000010 (base 2) to base 14
1ad6a6
What is -11010110101100000011001 (base 2) in base 10?
-7034905
-1124421231 (base 5) to base 8
-11650071
Convert 15455405 (base 6) to base 7.
4456262
What is -6c8645 (base 13) in base 2?
-1001111000000111010001
Convert -5415073 (base 9) to base 3.
-12110112002110
-359783 (base 10) to base 5
-43003113
3034a (base 14) to base 4
130102332
Convert -89661b (base 13) to base 15.
-440728
What is 52953 (base 12) in base 8?
323717
6055156 (base 9) to base 14
5dd536
Convert 834c04 (base 15) to base 2.
10111110100001100000111
What is 105a6a5 (base 11) in base 5?
433441132
-1a64011 (base 13) to base 6
-510521535
388838 (base 14) to base 15
28619a
Convert -166745 (base 9) to base 5.
-11302042
-455864 (base 12) to base 7
-12265606
110011100100101 (base 2) to base 14
98a1
Convert 131111220 (base 4) to base 5.
12321133
Convert -1641001 (base 8) to base 10.
-475649
Convert 29820 (base 15) to base 7.
1064040
What is c6395 (base 16) in base 14?
171c69
Convert -1448673 (base 11) to base 14.
-489c7d
What is -23012031 (base 6) in base 10?
-701587
Convert -722678 (base 12) to base 10.
-1787708
What is 11212010021 (base 3) in base 10?
95587
-16662552 (base 8) to base 16
-3b656a
212110230011 (base 4) to base 8
46245405
11101021100 (base 4) to base 16
151250
-161557 (base 10) to base 15
-32d07
Convert 60f9b7 (base 16) to base 12.
2165a73
What is 1001101101000110001110 (base 2) in base 10?
2544014
Convert -6511045 (base 7) to base 12.
-3228aa
-210967 (base 14) to base 16
-11070f
Convert 1023510 (base 6) to base 16.
c3a2
-10700 (base 10) to base 5
-320300
What is 1214200400 (base 5) in base 7?
33330303
Convert -52386 (base 13) to base 5.
-14212231
-605b98 (base 15) to base 9
-8543658
-100110110101011000010 (base 2) to base 6
-43135134
Convert 1200220222022 (base 3) to base 14.
1975d3
Convert 8a8c9 (base 15) to base 11.
281152
What is 2340b (base 15) in base 8?
333236
What is -1100110000011000 (base 2) in base 3?
-2122200010
-408852 (base 14) to base 16
-212fa8
What is 3eed3 (base 15) in base 12?
99209
Convert 10010100100001001 (base 2) to base 16.
12909
What is 8a85 (base 12) in base 13?
6cbc
Convert 10554530 (base 6) to base 5.
40420413
Convert -4a107e (base 16) to base 11.
-2815884
Convert -44330 (base 7) to base 8.
-25610
-1652013 (base 8) to base 6
-14143243
What is 1b1a698 (base 12) in base 11?
32861a2
Convert 15d3a0 (base 15) to base 8.
4020660
-1aa9dd (base 15) to base 10
-1301608
What is 730622 (base 9) in base 15?
886c2
Convert -2466c6 (base 13) to base 14.
-1896ba
-1222013 (base 7) to base 4
-212101121
Convert -21220011212 (base 3) to base 11.
-a6840
What is 1011011111111101100100 (base 2) in base 12?
1014604
-891b9 (base 15) to base 12
-190226
Convert 322012132 (base 4) to base 16.
3a19e
Convert -54535552 (base 6) to base 8.
-6160234
-232303013 (base 5) to base 12
-42b589
-a8dad (base 14) to base 10
-408813
Convert -1725414 (base 9) to base 8.
-3526540
1100011000111 (base 2) to base 6
45211
Convert 30213213003 (base 4) to base 15.
455216
What is 545134014 (base 6) in base 7?
145663300
Convert -110221311102 (base 4) to base 6.
-312013510
Convert -3195041 (base 11) to base 9.
-11506213
-355a584 (base 11) to base 9
-12610543
137b1a (base 12) to base 7
2521525
What is -1000000101011001 (base 2) in base 7?
-165353
Convert -308b (base 13) to base 7.
-25360
Convert 1a215 (base 13) to base 4.
30123013
Convert -e301b (base 15) to base 14.
-149dc1
Convert 116869 (base 15) to base 2.
11001011001010010101
What is -1d33317 (base 14) in base 15?
-144455c
What is 1322232 (base 4) in base 11?
59a0
Convert -2072142 (base 10) to base 5.
-1012302032
-2